{"id":1,"date":"2019-07-25T10:30:43","date_gmt":"2019-07-25T10:30:43","guid":{"rendered":"http:\/\/localhost:8888\/rexistir_2\/?p=1"},"modified":"2021-11-24T16:47:43","modified_gmt":"2021-11-24T16:47:43","slug":"home","status":"publish","type":"page","link":"https:\/\/rexistir.com\/","title":{"rendered":"Home"},"content":{"rendered":"<div>\n<div uk-lightbox>\n    <a class=\"uk-button uk-button-link\" href=\"https:\/\/www.youtube.com\/watch?v=r3Cynv_pQLs&#038;feature=youtu.be\" data-caption=\"YouTube\" data-attrs=\"width: 1280; height: 720;\"><span uk-icon=\"icon:  play-circle; ratio: 4\"><\/span><\/a>\n<\/div>\n<\/div>\n<p><img decoding=\"async\" src=\"\/wp-content\/uploads\/2021\/01\/logo_rexistir.png\" alt=\"\"><\/p>\n<div>\n<p>REXISTIR recoge el sentido de la RESISTENCIA \u00a0hist\u00f3rica de los pueblos y las mujeres frente al modo de vida capitalista y patriarcal y los efectos de destrucci\u00f3n socioambiental que genera. Una resistencia que\u00a0DEFIENDE otros modos de vida dignos, justos y arm\u00f3nicos entre humanidad y naturaleza, entre g\u00e9neros y entre pueblos, con la que se gesta procesos de organizaci\u00f3n y defensa territorial, como tambi\u00e9n de defensa de los derechos de las mujeres frente a las violencias. Entendemos que tejernos desde nuestros cuerpos-territorios en Am\u00e9rica Latina, es RESISTIR a la nueva colonizaci\u00f3n del extractivismo, reivindicando nuestras memorias, luchas y alternativas de Buen Vivir como mujeres, es por lo tanto crear un nuevo mundo, es REXISTIR.\u00a0\u00a0<a class=\"uk-button uk-button-link\" href=\"#intro\" uk-toggle>M\u00e1s&#8230;<\/a><\/p>\n<\/div>\n<div>\n<div id=\"intro\" class=\"uk-flex-top\" uk-modal>\n<div class=\"uk-modal-dialog uk-modal-body uk-margin-auto-vertical\">\n<p>        <button class=\"uk-modal-close-default\" type=\"button\" uk-close><\/button><\/p>\n<p class=\"uk-text-justify uk-text-muted\">REXISTIR recoge el sentido de la RESISTENCIA \u00a0hist\u00f3rica de los pueblos y las mujeres frente al modo de vida capitalista y patriarcal y los efectos de destrucci\u00f3n socioambiental que genera. Una resistencia que\u00a0DEFIENDE otros modos de vida dignos, justos y arm\u00f3nicos entre humanidad y naturaleza, entre g\u00e9neros y entre pueblos, con la que se gesta procesos de organizaci\u00f3n y defensa territorial, como tambi\u00e9n de defensa de los derechos de las mujeres frente a las violencias. Entendemos que tejernos desde nuestros cuerpos-territorios en Am\u00e9rica Latina, es RESISTIR a la nueva colonizaci\u00f3n del extractivismo, reivindicando nuestras memorias, luchas y alternativas de Buen Vivir como mujeres, es por lo tanto crear un nuevo mundo, es REXISTIR.\u00a0\u00a0<\/p>\n<p class=\"uk-text-justify uk-text-muted\">El extractivismo es un modelo econ\u00f3mico y pol\u00edtico capitalista neoliberal basado en la extracci\u00f3n, usufructo y mercantilizaci\u00f3n de elementos, cuerpos, ciclos y funciones de la naturaleza. El extractivismo se basa en una cultura patriarcal, ya que existen paralelos culturales, hist\u00f3ricos y simb\u00f3licos\u00a0en los patrones de dominio de las mujeres y la naturaleza, por la cual a ambas hist\u00f3ricamente\u00a0han sido sujeto de dominaci\u00f3n, control y explotaci\u00f3n.\u00a0<\/p>\n<p class=\"uk-text-justify uk-text-muted\">El sistema capitalista extractivista, patriarcal\u00a0y colonial no puede funcionar si es que al mismo tiempo no mercantiliza, despoja y usufruct\u00faa los cuerpos de las mujeres y los tejidos sociales que reproducen la vida.\u00a0<\/p>\n<p class=\"uk-text-justify uk-text-muted\">Las violencias que este sistema ejerce hacia\u00a0nuestros cuerpos-territorios\u00a0son m\u00faltiples y vulneran los derechos, en particular el de las mujeres que los defienden. El extractivismo conlleva la devastaci\u00f3n ambiental y a la precarizaci\u00f3n de las condiciones de vida de las poblaciones, violando el derecho a la vida, a la salud, a una vivienda digna, a la propiedad, la alimentaci\u00f3n, al trabajo y a gozar de un ambiente sano, adem\u00e1s, socava los derechos a la participaci\u00f3n, a la protesta y a la libertad de expresi\u00f3n, de reuni\u00f3n y asociaci\u00f3n.\u00a0<\/p>\n<p class=\"uk-text-justify uk-text-muted\">Por ello se hace necesario visibilizar estas violencia y denunciarlas p\u00fablicamente para velar por el cuidado, protecci\u00f3n y defensa de nuestros cuerpos-territorios.\u00a0<\/p>\n<\/p><\/div>\n<\/div>\n<\/div>\n<p><a href=\"\/cuerpos\/\"><img decoding=\"async\" src=\"\/wp-content\/uploads\/2021\/02\/cuerpos.png\" alt=\"\"><\/a><\/p>\n<div>El cuerpo de las mujeres es un territorio hist\u00f3rico en disputa con el poder patriarcal y colonial, pero tambi\u00e9n un sujeto crucial en el ciclo de la recuperaci\u00f3n de la vida. Las mu\u0301ltiples formas de violencia contra las mujeres latinoamericanas, como la violencia sexual, el feminicidio o la estigmatizacio\u0301n son violencias histo\u0301ricas ejercidas por el patriarcado ancestral que se ven acrecentadas hoy en di\u0301a por el extractivismo.<\/div>\n<p><a href=\"\/territorios-2\/\"><img decoding=\"async\" src=\"\/wp-content\/uploads\/2021\/01\/territorios.png\" alt=\"\"><\/a><\/p>\n<div>Los territorios son igualmente objeto y escenario de disputa y despojo por parte del modelo extractivista patriarcal y colonial, que consideran a la naturaleza subordinada a las necesidades del ser humano, al igual que la mujer es considerada, a su vez, subordinada al hombre y a la acumulaci\u00f3n de capital. Las actividades extractivas alteran los ciclos de reproducci\u00f3n de la vida, a trav\u00e9s de la contaminaci\u00f3n y desaparici\u00f3n de las fuentes de agua. <a class=\"uk-button uk-button-link\" href=\"#territorios\" uk-toggle>M\u00e1s&#8230;<\/a><\/div>\n<div>\n<div id=\"territorios\" class=\"uk-flex-top\" uk-modal>\n<div class=\"uk-modal-dialog uk-modal-body uk-margin-auto-vertical\">\n<p>        <button class=\"uk-modal-close-default\" type=\"button\" uk-close><\/button><\/p>\n<p class=\"uk-text-justify uk-text-muted\">Los territorios son igualmente objeto y escenario de disputa y despojo por parte del modelo extractivista patriarcal y colonial, que consideran a la naturaleza subordinada a las necesidades del ser humano, al igual que la mujer es considerada, a su vez, subordinada al hombre y a la acumulaci\u00f3n de capital.\u00a0\u00a0\u00a0<\/p>\n<p class=\"uk-text-justify uk-text-muted\">Las actividades extractivas alteran los ciclos de reproducci\u00f3n de la vida, a trav\u00e9s de la contaminaci\u00f3n y desaparici\u00f3n de las fuentes de agua, la alteraci\u00f3n de suelos y ecosistemas, p\u00e9rdida de biodiversidad, entre otros, lo cual afecta a la supervivencia de las comunidades, principalmente campesinas e ind\u00edgenas y supone una sobrecarga en la trabajo del cuidado ejercido, principalmente, por nosotras, las mujere.\u00a0\u00a0<\/p>\n<p class=\"uk-text-justify uk-text-muted\">Existe un v\u00ednculo entre las mujeres y el territorio, este es el espacio donde se reproduce la vida, les une un lazo m\u00e1s fuerte que el econ\u00f3mico, es un lazo simb\u00f3lico, un v\u00ednculo de arraigo y pertenencia\u00a0hist\u00f3rico y situado.\u00a0<\/p>\n<\/p><\/div>\n<\/div>\n<\/div>\n<p><a href=\"https:\/\/www.redlatinoamericanademujeres.org\/mapa\/\"><img decoding=\"async\" src=\"\/wp-content\/uploads\/2021\/01\/cartografia.png\" alt=\"\"><\/a><\/p>\n<div>La mayor\u00eda de los gobiernos de Am\u00e9rica Latina y el Caribe han establecido un modelo de desarrollo violento y agresivo sobre los territorios y los cuerpos, especialmente los de las mujeres, que omite la existencia de las diversidades, y se ubica a partir de relaciones de poder jer\u00e1rquicas que se basan en la represi\u00f3n de unos\/as para el bienestar de otros\/as. <a class=\"uk-button uk-button-link\" href=\"#cartografia\" uk-toggle>M\u00e1s&#8230;<\/a><\/div>\n<div>\n<div id=\"cartografia\" class=\"uk-flex-top\" uk-modal>\n<div class=\"uk-modal-dialog uk-modal-body uk-margin-auto-vertical\">\n<p>        <button class=\"uk-modal-close-default\" type=\"button\" uk-close><\/button><\/p>\n<p class=\"uk-text-justify uk-text-muted\">La mayor\u00eda de los gobiernos de Am\u00e9rica Latina y el Caribe han establecido un modelo de desarrollo violento y agresivo sobre los territorios y los cuerpos, especialmente los de las mujeres, que omite la existencia de las diversidades, y se ubica a partir de relaciones de poder jer\u00e1rquicas que se basan en la represi\u00f3n de unos\/as para el bienestar de otros\/as.\u00a0<\/p>\n<p class=\"uk-text-justify uk-text-muted\">A pesar de estas afectaciones, las mujeres han llevado a cabo acciones para fortalecerse como lideresas y para hacer frente a la discriminaci\u00f3n que generan las din\u00e1micas sociales que parten de planteamientos como el desarrollo y el progreso.\u00a0 Sumado a lo anterior, las mujeres se han organizado y han participado activamente en procesos de construcci\u00f3n de alternativas enfocados a proteger los bienes comunes.\u00a0\u00a0<\/p>\n<p class=\"uk-text-justify uk-text-muted\">Por ello, la Red Latinoamericana de Mujeres Defensoras de los Derechos Sociales y Ambientales, CENSAT Agua Viva y ACKnowl-EJ (Academic-Activist Co-Production of Knowledge for Environmental\u00a0Justice) hemos establecido\u00a0una alianza para hacer visible la lucha de las mujeres latinoamericanas en defensa de sus soberan\u00edas, mujeres que se han organizado hist\u00f3ricamente para cuidar las formas de vida que les permiten permanecer dignamente en sus territorios y junto a sus comunidades.\u00a0<\/p>\n<\/p><\/div>\n<\/div>\n<\/div>\n<p><!-- {\"type\":\"layout\",\"children\":[{\"type\":\"section\",\"props\":{\"style\":\"secondary\",\"width\":\"default\",\"vertical_align\":\"middle\",\"title_position\":\"top-left\",\"title_rotation\":\"left\",\"title_breakpoint\":\"xl\",\"image_position\":\"center-center\",\"image\":\"wp-content\\\/uploads\\\/2021\\\/01\\\/img_inicio.png\",\"image_size\":\"cover\",\"height\":\"percent\"},\"children\":[{\"type\":\"row\",\"children\":[{\"type\":\"column\",\"props\":{\"image_position\":\"center-center\",\"media_overlay_gradient\":\"\",\"vertical_align\":\"middle\"},\"children\":[{\"type\":\"text\",\"props\":{\"margin\":\"default\",\"column_breakpoint\":\"m\",\"content\":\"\n\n<div uk-lightbox>\\n    <a class=\\\"uk-button uk-button-link\\\" href=\\\"https:\\\/\\\/www.youtube.com\\\/watch?v=r3Cynv_pQLs&feature=youtu.be\\\" data-caption=\\\"YouTube\\\" data-attrs=\\\"width: 1280; height: 720;\\\"><span uk-icon=\\\"icon:  play-circle; ratio: 4\\\"><\\\/span><\\\/a>\\n<\\\/div>\\n<br \/>\\n<br \/>\",\"text_align\":\"center\"}}]}]}]},{\"type\":\"section\",\"props\":{\"style\":\"default\",\"width\":\"small\",\"vertical_align\":\"middle\",\"title_position\":\"top-left\",\"title_rotation\":\"left\",\"title_breakpoint\":\"xl\",\"image_position\":\"center-center\"},\"children\":[{\"type\":\"row\",\"props\":{\"layout\":\"1-2,1-2\",\"column_gap\":\"large\"},\"children\":[{\"type\":\"column\",\"props\":{\"image_position\":\"center-center\",\"media_overlay_gradient\":\"\",\"width_medium\":\"1-2\"},\"children\":[{\"type\":\"image\",\"props\":{\"margin\":\"large\",\"image_svg_color\":\"emphasis\",\"image\":\"wp-content\\\/uploads\\\/2021\\\/01\\\/logo_rexistir.png\",\"maxwidth\":\"large\",\"block_align\":\"center\"}}]},{\"type\":\"column\",\"props\":{\"image_position\":\"center-center\",\"media_overlay_gradient\":\"\",\"width_medium\":\"1-2\"},\"children\":[{\"type\":\"text\",\"props\":{\"margin\":\"default\",\"column_breakpoint\":\"m\",\"content\":\"\n\n<p>REXISTIR recoge el sentido de la RESISTENCIA \\u00a0hist\\u00f3rica de los pueblos y las mujeres frente al modo de vida capitalista y patriarcal y los efectos de destrucci\\u00f3n socioambiental que genera. Una resistencia que\\u00a0DEFIENDE otros modos de vida dignos, justos y arm\\u00f3nicos entre humanidad y naturaleza, entre g\\u00e9neros y entre pueblos, con la que se gesta procesos de organizaci\\u00f3n y defensa territorial, como tambi\\u00e9n de defensa de los derechos de las mujeres frente a las violencias. Entendemos que tejernos desde nuestros cuerpos-territorios en Am\\u00e9rica Latina, es RESISTIR a la nueva colonizaci\\u00f3n del extractivismo, reivindicando nuestras memorias, luchas y alternativas de Buen Vivir como mujeres, es por lo tanto crear un nuevo mundo, es REXISTIR.\\u00a0\\u00a0<a class=\\\"uk-button uk-button-link\\\" href=\\\"#intro\\\" uk-toggle>M\\u00e1s...<\\\/a><\\\/p>\",\"text_align\":\"justify\"}},{\"type\":\"html\",\"props\":{\"content\":\"\n\n<div id=\\\"intro\\\" class=\\\"uk-flex-top\\\" uk-modal>\\n    \n\n<div class=\\\"uk-modal-dialog uk-modal-body uk-margin-auto-vertical\\\">\\n\\n        <button class=\\\"uk-modal-close-default\\\" type=\\\"button\\\" uk-close><\\\/button>\\n\\n        \n\n<p class=\\\"uk-text-justify uk-text-muted\\\">REXISTIR recoge el sentido de la RESISTENCIA \\u00a0hist\\u00f3rica de los pueblos y las mujeres frente al modo de vida capitalista y patriarcal y los efectos de destrucci\\u00f3n socioambiental que genera. Una resistencia que\\u00a0DEFIENDE otros modos de vida dignos, justos y arm\\u00f3nicos entre humanidad y naturaleza, entre g\\u00e9neros y entre pueblos, con la que se gesta procesos de organizaci\\u00f3n y defensa territorial, como tambi\\u00e9n de defensa de los derechos de las mujeres frente a las violencias. Entendemos que tejernos desde nuestros cuerpos-territorios en Am\\u00e9rica Latina, es RESISTIR a la nueva colonizaci\\u00f3n del extractivismo, reivindicando nuestras memorias, luchas y alternativas de Buen Vivir como mujeres, es por lo tanto crear un nuevo mundo, es REXISTIR.\\u00a0\\u00a0<\\\/p>\\n\n\n<p class=\\\"uk-text-justify uk-text-muted\\\">El extractivismo es un modelo econ\\u00f3mico y pol\\u00edtico capitalista neoliberal basado en la extracci\\u00f3n, usufructo y mercantilizaci\\u00f3n de elementos, cuerpos, ciclos y funciones de la naturaleza. El extractivismo se basa en una cultura patriarcal, ya que existen paralelos culturales, hist\\u00f3ricos y simb\\u00f3licos\\u00a0en los patrones de dominio de las mujeres y la naturaleza, por la cual a ambas hist\\u00f3ricamente\\u00a0han sido sujeto de dominaci\\u00f3n, control y explotaci\\u00f3n.\\u00a0<\\\/p>\\n\n\n<p class=\\\"uk-text-justify uk-text-muted\\\">El sistema capitalista extractivista, patriarcal\\u00a0y colonial no puede funcionar si es que al mismo tiempo no mercantiliza, despoja y usufruct\\u00faa los cuerpos de las mujeres y los tejidos sociales que reproducen la vida.\\u00a0<\\\/p>\\n\n\n<p class=\\\"uk-text-justify uk-text-muted\\\">Las violencias que este sistema ejerce hacia\\u00a0nuestros cuerpos-territorios\\u00a0son m\\u00faltiples y vulneran los derechos, en particular el de las mujeres que los defienden. El extractivismo conlleva la devastaci\\u00f3n ambiental y a la precarizaci\\u00f3n de las condiciones de vida de las poblaciones, violando el derecho a la vida, a la salud, a una vivienda digna, a la propiedad, la alimentaci\\u00f3n, al trabajo y a gozar de un ambiente sano, adem\\u00e1s, socava los derechos a la participaci\\u00f3n, a la protesta y a la libertad de expresi\\u00f3n, de reuni\\u00f3n y asociaci\\u00f3n.\\u00a0<\\\/p>\\n\n\n<p class=\\\"uk-text-justify uk-text-muted\\\">Por ello se hace necesario visibilizar estas violencia y denunciarlas p\\u00fablicamente para velar por el cuidado, protecci\\u00f3n y defensa de nuestros cuerpos-territorios.\\u00a0<\\\/p>\\n\\n    <\\\/div>\\n<\\\/div>\"}}]}]}]},{\"type\":\"section\",\"props\":{\"style\":\"default\",\"width\":\"\",\"vertical_align\":\"middle\",\"title_position\":\"top-left\",\"title_rotation\":\"left\",\"title_breakpoint\":\"xl\",\"image_position\":\"center-center\",\"id\":\"inicio\"},\"children\":[{\"type\":\"row\",\"props\":{\"layout\":\"1-3,1-3,1-3\",\"width\":\"default\"},\"children\":[{\"type\":\"column\",\"props\":{\"image_position\":\"center-center\",\"media_overlay_gradient\":\"\",\"width_medium\":\"1-3\"},\"children\":[{\"type\":\"image\",\"props\":{\"margin\":\"default\",\"image_svg_color\":\"emphasis\",\"text_align\":\"center\",\"image\":\"wp-content\\\/uploads\\\/2021\\\/02\\\/cuerpos.png\",\"link\":\"cuerpos\\\/\"}},{\"type\":\"text\",\"props\":{\"margin\":\"default\",\"column_breakpoint\":\"m\",\"content\":\"El cuerpo de las mujeres es un territorio hist\\u00f3rico en disputa con el poder patriarcal y colonial, pero tambi\\u00e9n un sujeto crucial en el ciclo de la recuperaci\\u00f3n de la vida. Las mu\\u0301ltiples formas de violencia contra las mujeres latinoamericanas, como la violencia sexual, el feminicidio o la estigmatizacio\\u0301n son violencias histo\\u0301ricas ejercidas por el patriarcado ancestral que se ven acrecentadas hoy en di\\u0301a por el extractivismo.\",\"text_align\":\"justify\"}}]},{\"type\":\"column\",\"props\":{\"image_position\":\"center-center\",\"media_overlay_gradient\":\"\",\"width_medium\":\"1-3\"},\"children\":[{\"type\":\"image\",\"props\":{\"margin\":\"default\",\"image_svg_color\":\"emphasis\",\"text_align\":\"center\",\"image\":\"wp-content\\\/uploads\\\/2021\\\/01\\\/territorios.png\",\"link\":\"territorios-2\\\/\"}},{\"type\":\"text\",\"props\":{\"margin\":\"default\",\"column_breakpoint\":\"m\",\"content\":\"Los territorios son igualmente objeto y escenario de disputa y despojo por parte del modelo extractivista patriarcal y colonial, que consideran a la naturaleza subordinada a las necesidades del ser humano, al igual que la mujer es considerada, a su vez, subordinada al hombre y a la acumulaci\\u00f3n de capital. Las actividades extractivas alteran los ciclos de reproducci\\u00f3n de la vida, a trav\\u00e9s de la contaminaci\\u00f3n y desaparici\\u00f3n de las fuentes de agua. <a class=\\\"uk-button uk-button-link\\\" href=\\\"#territorios\\\" uk-toggle>M\\u00e1s...<\\\/a>\",\"text_align\":\"justify\"}},{\"type\":\"html\",\"props\":{\"content\":\"\n\n<div id=\\\"territorios\\\" class=\\\"uk-flex-top\\\" uk-modal>\\n    \n\n<div class=\\\"uk-modal-dialog uk-modal-body uk-margin-auto-vertical\\\">\\n\\n        <button class=\\\"uk-modal-close-default\\\" type=\\\"button\\\" uk-close><\\\/button>\\n\\n        \n\n<p class=\\\"uk-text-justify uk-text-muted\\\">Los territorios son igualmente objeto y escenario de disputa y despojo por parte del modelo extractivista patriarcal y colonial, que consideran a la naturaleza subordinada a las necesidades del ser humano, al igual que la mujer es considerada, a su vez, subordinada al hombre y a la acumulaci\\u00f3n de capital.\\u00a0\\u00a0\\u00a0<\\\/p>\\n\n\n<p class=\\\"uk-text-justify uk-text-muted\\\">Las actividades extractivas alteran los ciclos de reproducci\\u00f3n de la vida, a trav\\u00e9s de la contaminaci\\u00f3n y desaparici\\u00f3n de las fuentes de agua, la alteraci\\u00f3n de suelos y ecosistemas, p\\u00e9rdida de biodiversidad, entre otros, lo cual afecta a la supervivencia de las comunidades, principalmente campesinas e ind\\u00edgenas y supone una sobrecarga en la trabajo del cuidado ejercido, principalmente, por nosotras, las mujere.\\u00a0\\u00a0<\\\/p>\\n\n\n<p class=\\\"uk-text-justify uk-text-muted\\\">Existe un v\\u00ednculo entre las mujeres y el territorio, este es el espacio donde se reproduce la vida, les une un lazo m\\u00e1s fuerte que el econ\\u00f3mico, es un lazo simb\\u00f3lico, un v\\u00ednculo de arraigo y pertenencia\\u00a0hist\\u00f3rico y situado.\\u00a0<\\\/p>\\n\\n\\n    <\\\/div>\\n<\\\/div>\"}}]},{\"type\":\"column\",\"props\":{\"image_position\":\"center-center\",\"media_overlay_gradient\":\"\",\"width_medium\":\"1-3\"},\"children\":[{\"type\":\"image\",\"props\":{\"margin\":\"default\",\"image_svg_color\":\"emphasis\",\"text_align\":\"center\",\"image\":\"wp-content\\\/uploads\\\/2021\\\/01\\\/cartografia.png\",\"link\":\"https:\\\/\\\/www.redlatinoamericanademujeres.org\\\/mapa\\\/\",\"link_target\":\"blank\"}},{\"type\":\"text\",\"props\":{\"margin\":\"default\",\"column_breakpoint\":\"m\",\"content\":\"La mayor\\u00eda de los gobiernos de Am\\u00e9rica Latina y el Caribe han establecido un modelo de desarrollo violento y agresivo sobre los territorios y los cuerpos, especialmente los de las mujeres, que omite la existencia de las diversidades, y se ubica a partir de relaciones de poder jer\\u00e1rquicas que se basan en la represi\\u00f3n de unos\\\/as para el bienestar de otros\\\/as. <a class=\\\"uk-button uk-button-link\\\" href=\\\"#cartografia\\\" uk-toggle>M\\u00e1s...<\\\/a>\",\"text_align\":\"justify\"}},{\"type\":\"html\",\"props\":{\"content\":\"\n\n<div id=\\\"cartografia\\\" class=\\\"uk-flex-top\\\" uk-modal>\\n    \n\n<div class=\\\"uk-modal-dialog uk-modal-body uk-margin-auto-vertical\\\">\\n\\n        <button class=\\\"uk-modal-close-default\\\" type=\\\"button\\\" uk-close><\\\/button>\\n\\n        \n\n<p class=\\\"uk-text-justify uk-text-muted\\\">La mayor\\u00eda de los gobiernos de Am\\u00e9rica Latina y el Caribe han establecido un modelo de desarrollo violento y agresivo sobre los territorios y los cuerpos, especialmente los de las mujeres, que omite la existencia de las diversidades, y se ubica a partir de relaciones de poder jer\\u00e1rquicas que se basan en la represi\\u00f3n de unos\\\/as para el bienestar de otros\\\/as.\\u00a0<\\\/p>\\n\n\n<p class=\\\"uk-text-justify uk-text-muted\\\">A pesar de estas afectaciones, las mujeres han llevado a cabo acciones para fortalecerse como lideresas y para hacer frente a la discriminaci\\u00f3n que generan las din\\u00e1micas sociales que parten de planteamientos como el desarrollo y el progreso.\\u00a0 Sumado a lo anterior, las mujeres se han organizado y han participado activamente en procesos de construcci\\u00f3n de alternativas enfocados a proteger los bienes comunes.\\u00a0\\u00a0<\\\/p>\\n\n\n<p class=\\\"uk-text-justify uk-text-muted\\\">Por ello, la Red Latinoamericana de Mujeres Defensoras de los Derechos Sociales y Ambientales, CENSAT Agua Viva y ACKnowl-EJ (Academic-Activist Co-Production of Knowledge for Environmental\\u00a0Justice) hemos establecido\\u00a0una alianza para hacer visible la lucha de las mujeres latinoamericanas en defensa de sus soberan\\u00edas, mujeres que se han organizado hist\\u00f3ricamente para cuidar las formas de vida que les permiten permanecer dignamente en sus territorios y junto a sus comunidades.\\u00a0<\\\/p>\\n\\n\\n    <\\\/div>\\n<\\\/div>\"}}]}]}]},{\"type\":\"section\",\"props\":{\"style\":\"default\",\"width\":\"default\",\"vertical_align\":\"middle\",\"title_position\":\"top-left\",\"title_rotation\":\"left\",\"title_breakpoint\":\"xl\",\"image_position\":\"center-center\",\"image\":\"wp-content\\\/uploads\\\/2021\\\/01\\\/home_img.jpg\",\"image_size\":\"cover\",\"image_effect\":\"fixed\",\"height\":\"percent\"},\"children\":[{\"type\":\"row\",\"children\":[{\"type\":\"column\",\"props\":{\"image_position\":\"center-center\",\"media_overlay_gradient\":\"\"},\"children\":[]}]}],\"name\":\"Foto\"}],\"version\":\"2.3.32\"} --><\/p>\n","protected":false},"excerpt":{"rendered":"<p>REXISTIR recoge el sentido de la RESISTENCIA \u00a0hist\u00f3rica de los pueblos y las mujeres frente al modo de vida capitalista y patriarcal y los efectos de destrucci\u00f3n socioambiental que genera. Una resistencia que\u00a0DEFIENDE otros modos de vida dignos, justos y arm\u00f3nicos entre humanidad y naturaleza, entre g\u00e9neros y entre pueblos, con la que se gesta [&hellip;]<\/p>\n","protected":false},"author":1,"featured_media":0,"parent":0,"menu_order":3,"comment_status":"open","ping_status":"open","template":"","meta":{"_acf_changed":false,"footnotes":""},"class_list":["post-1","page","type-page","status-publish","hentry"],"acf":[],"_links":{"self":[{"href":"https:\/\/rexistir.com\/index.php?rest_route=\/wp\/v2\/pages\/1","targetHints":{"allow":["GET"]}}],"collection":[{"href":"https:\/\/rexistir.com\/index.php?rest_route=\/wp\/v2\/pages"}],"about":[{"href":"https:\/\/rexistir.com\/index.php?rest_route=\/wp\/v2\/types\/page"}],"author":[{"embeddable":true,"href":"https:\/\/rexistir.com\/index.php?rest_route=\/wp\/v2\/users\/1"}],"replies":[{"embeddable":true,"href":"https:\/\/rexistir.com\/index.php?rest_route=%2Fwp%2Fv2%2Fcomments&post=1"}],"version-history":[{"count":182,"href":"https:\/\/rexistir.com\/index.php?rest_route=\/wp\/v2\/pages\/1\/revisions"}],"predecessor-version":[{"id":1823,"href":"https:\/\/rexistir.com\/index.php?rest_route=\/wp\/v2\/pages\/1\/revisions\/1823"}],"wp:attachment":[{"href":"https:\/\/rexistir.com\/index.php?rest_route=%2Fwp%2Fv2%2Fmedia&parent=1"}],"curies":[{"name":"wp","href":"https:\/\/api.w.org\/{rel}","templated":true}]}}